ed by 1840.
1835
Calculate the remainder when 30825610 is divided by 91.
88
Calculate the remainder when 22500444 is divided by 198.
120
What is the remainder when 580498114 is divided by 17?
15
Calculate the remainder when 376692 is divided by 22143.
261
Calculate the remainder when 11125556 is divided by 163611.
8
Calculate the remainder when 876991 is divided by 41760.
31
What is the remainder when 7802784 is divided by 19704?
0
Calculate the remainder when 952969 is divided by 480.
169
What is the remainder when 24624184 is divided by 1260?
4
Calculate the remainder when 577588 is divided by 414.
58
What is the remainder when 181504 is divided by 59966?
1606
What is the remainder when 437623 is divided by 923?
121
What is the remainder when 3842903 is divided by 1044?
983
Calculate the remainder when 27398 is divided by 267.
164
Calculate the remainder when 63664641 is divided by 210.
201
What is the remainder when 11044446 is divided by 394444?
14
What is the remainder when 3219545 is divided by 8406?
47
Calculate the remainder when 15146436 is divided by 12.
0
What is the remainder when 5596735 is divided by 163?
130
What is the remainder when 25530 is divided by 25409?
121
What is the remainder when 979923599 is divided by 30?
29
What is the remainder when 971053 is divided by 1019?
965
What is the remainder when 12094207 is divided by 1792?
1791
What is the remainder when 1805144 is divided by 112821?
8
Calculate the remainder when 21246383 is divided by 5.
3
What is the remainder when 370254 is divided by 1719?
669
Calculate the remainder when 41137110 is divided by 3254.
42
Calculate the remainder when 451941 is divided by 4425.
591
Calculate the remainder when 17406645 is divided by 24.
21
Calculate the remainder when 13285116 is divided by 4861.
3
What is the remainder when 1809333 is divided by 5894?
5769
What is the remainder when 1410395 is divided by 3?
2
What is the remainder when 1973924 is divided by 711?
188
Calculate the remainder when 336233 is divided by 6001.
177
Calculate the remainder when 135512 is divided by 6448.
104
Calculate the remainder when 8103632 is divided by 138.
134
Calculate the remainder when 997469 is divided by 335.
174
Calculate the remainder when 68642 is divided by 22797.
251
Calculate the remainder when 2418118 is divided by 2418075.
43
Calculate the remainder when 110278 is divided by 79.
73
What is the remainder when 1432741 is divided by 238617?
1039
What is the remainder when 531617 is divided by 177173?
98
Calculate the remainder when 205341 is divided by 102632.
77
Calculate the remainder when 1185246 is divided by 13162.
666
What is the remainder when 17420527 is divided by 117?
46
Calculate the remainder when 343878 is divided by 343141.
737
Calculate the remainder when 5557736 is divided by 23.
16
Calculate the remainder when 88810 is divided by 1164.
346
Calculate the remainder when 18345725 is divided by 305.
280
What is the remainder when 708516 is divided by 88439?
1004
Calculate the remainder when 249972 is divided by 62488.
20
Calculate the remainder when 263347 is divided by 1620.
907
What is the remainder when 121845 is divided by 40087?
1584
Calculate the remainder when 4537790 is divided by 536.
14
What is the remainder when 1443127 is divided by 3505?
2572
What is the remainder when 1695941 is divided by 6425?
6166
Calculate the remainder when 12632477 is divided by 377.
338
Calculate the remainder when 743719 is divided by 243.
139
Calculate the remainder when 136509 is divided by 67165.
2179
What is the remainder when 14164036 is divided by 606?
604
What is the remainder when 8451958 is divided by 2817315?
13
Calculate the remainder when 3229383 is divided by 1644.
567
Calculate the remainder when 250070 is divided by 250065.
5
Calculate the remainder when 20819575 is divided by 15.
10
Calculate the remainder when 30999452 is divided by 664.
612
Calculate the remainder when 218557510 is divided by 24.
22
What is the remainder when 181311 is divided by 15119?
15002
Calculate the remainder when 246254527 is divided by 2132.
2131
What is the remainder when 135912264 is divided by 1939?
1937
What is the remainder when 13272445 is divided by 24?
13
What is the remainder when 227082872 is divided by 4625?
4622
Calculate the remainder when 2870214 is divided by 204927.
1236
Calculate the remainder when 21921767 is divided by 65.
62
What is the remainder when 2330140 is divided by 83?
81
What is the remainder when 28218345 is divided by 108?
105
Calculate the remainder when 1615519 is divided by 55704.
103
Calculate the remainder when 543034 is divided by 3352.
10
What is the remainder when 11147125 is divided by 108223?
156
Calculate the remainder when 53826932 is divided by 74.
72
Calculate the remainder when 1319839 is divided by 24901.
86
What is the remainder when 512961 is divided by 108?
69
Calculate the remainder when 52720 is divided by 464.
288
What is the remainder when 209139 is divided by 51201?
4335
What is the remainder when 1409350 is divided by 1409312?
38
What is the remainder when 3343978 is divided by 4991?
8
What is the remainder when 289295 is divided by 813?
680
Calculate the remainder when 2013483 is divided by 7774.
17
Calculate the remainder when 1835712 is divided by 611865.
117
What is the remainder when 2302230 is divided by 255792?
102
What is the remainder when 2231692 is divided by 89249?
467
Calculate the remainder when 156188 is divided by 2230.
88
What is the remainder when 20932 is divided by 1719?
304
What is the remainder when 428024 is divided by 32922?
38
Calculate the remainder when 312189 is divided by 123.
15
What is the remainder when 4857524 is divided by 1969?
1
Calculate the remainder when 264241 is divided by 354.
157
What is the remainder when 705451 is divided by 5928?
19
Calculate the remainder when 5557670 is divided by 12.
2
Calculate the remainder when 6479992 is divided by 344.
64
What is the remainder when 2609510 is divided by 16621?
13
What is the remainder when 2332105 is divided by 10008?
241
What is the remainder when 169228325 is divided by 9252?
9245
Calculate the remainder when 606059 is divided by 7974.
35
What is the remainder when 7470 is divided by 609?
162
Calculate the remainder when 5513419 is divided by 1334.
1331
Calculate the remainder when 222070 is divided by 1219.
212
What is the remainder when 7441109 is divided by 20?
9
Calculate the remainder when 3027487 is divided by 1110.
517
What is the remainder when 2221328 is divided by 22213?
28
What is the remainder when 1089139 is divided by 57323?
2
Calculate the remainder when 194739771 is divided by 1674.
3
Calculate the remainder when 1144426 is divided by 881.
7
What is the remainder when 194843148 is divided by 79?
76
What is the remainder when 2925364 is divided by 104?
52
What is the remainder when 529438 is divided by 75634?
0
Calculate the remainder when 8585304 is divided by 1715.
14
Calculate the remainder when 39568 is divided by 6588.
40
Calculate the remainder when 608691 is divided by 217.
6
Calculate the remainder when 43556 is divided by 21703.
150
Calculate the remainder when 1739124 is divided by 137.
46
What is the remainder when 201128067 is divided by 5962?
5959
Calculate the remainder when 76471491 is divided by 7.
5
What is the remainder when 1740985 is divided by 5061?
1
Calculate the remainder when 165876 is divided by 108.
96
What is the remainder when 1360643 is divided by 573?
341
Calculate the remainder when 268534 is divided by 3794.
2954
Calculate the remainder when 426562 is divided by 3369.
2068
Calculate the remainder when 7961375 is divided by 1132.
19
What is the remainder when 13462174 is divided by 644?
642
What is the remainder when 92574 is divided by 23063?
322
Calculate the remainder when 562755 is divided by 91.
11
What is the remainder when 600565 is divided by 178?
171
Calculate the remainder when 21279184 is divided by 145.
144
Calculate the remainder when 11164 is divided by 1975.
1289
What is the remainder when 843811 is divided by 3444?
31
Calculate the remainder when 1652599 is divided by 6772.
231
Calculate the remainder when 3404913673 is divided by 3813.
3811
Calculate the remainder when 24558799 is div